{"id":49,"date":"2016-11-15T21:51:18","date_gmt":"2016-11-15T20:51:18","guid":{"rendered":"http:\/\/illumen.lu\/?page_id=49"},"modified":"2017-06-21T15:15:09","modified_gmt":"2017-06-21T13:15:09","slug":"qui-sommes-nous","status":"publish","type":"page","link":"http:\/\/illumen.lu\/index.php\/qui-sommes-nous\/","title":{"rendered":"Qui sommes nous ?"},"content":{"rendered":"<p>Illumen Luxembourg SARL est une soci\u00e9t\u00e9 sp\u00e9cialis\u00e9e dans la vente, la location et l&rsquo;installation de mat\u00e9riel audiovisuel <a href=\"http:\/\/illumen.lu\/index.php\/location-pour-vos-evnenements\/\">\u00e0 des fins \u00e9v\u00e8nementielles<\/a>. Elle a \u00e9t\u00e9 cr\u00e9\u00e9e \u00e0 l&rsquo;initiative d&rsquo;Arnaud BRIANTAIS, technicien en son et lumi\u00e8re depuis plus de 10 ans.<\/p>\n<p>Bas\u00e9e au Luxembourg, nous travaillons \u00e9galement avec la Belgique et la France.<\/p>\n<p><img loading=\"lazy\" class=\"size-medium wp-image-64 aligncenter\" src=\"http:\/\/illumen.lu\/wp-content\/uploads\/2016\/12\/11951218_10153349246737261_9043281316392108714_n-300x181.jpg\" alt=\"11951218_10153349246737261_9043281316392108714_n\" width=\"300\" height=\"181\" srcset=\"http:\/\/illumen.lu\/wp-content\/uploads\/2016\/12\/11951218_10153349246737261_9043281316392108714_n-300x181.jpg 300w, http:\/\/illumen.lu\/wp-content\/uploads\/2016\/12\/11951218_10153349246737261_9043281316392108714_n-768x464.jpg 768w, http:\/\/illumen.lu\/wp-content\/uploads\/2016\/12\/11951218_10153349246737261_9043281316392108714_n-750x453.jpg 750w, http:\/\/illumen.lu\/wp-content\/uploads\/2016\/12\/11951218_10153349246737261_9043281316392108714_n-400x242.jpg 400w, http:\/\/illumen.lu\/wp-content\/uploads\/2016\/12\/11951218_10153349246737261_9043281316392108714_n-430x260.jpg 430w, http:\/\/illumen.lu\/wp-content\/uploads\/2016\/12\/11951218_10153349246737261_9043281316392108714_n-150x91.jpg 150w, http:\/\/illumen.lu\/wp-content\/uploads\/2016\/12\/11951218_10153349246737261_9043281316392108714_n-100x60.jpg 100w, http:\/\/illumen.lu\/wp-content\/uploads\/2016\/12\/11951218_10153349246737261_9043281316392108714_n.jpg 960w\" sizes=\"(max-width: 300px) 100vw, 300px\" \/><\/p>\n<p><img loading=\"lazy\" class=\"size-medium wp-image-13 aligncenter\" src=\"http:\/\/illumen.lu\/wp-content\/uploads\/2016\/11\/2-300x200.png\" alt=\"2\" width=\"300\" height=\"200\" srcset=\"http:\/\/illumen.lu\/wp-content\/uploads\/2016\/11\/2-300x200.png 300w, http:\/\/illumen.lu\/wp-content\/uploads\/2016\/11\/2-768x512.png 768w, http:\/\/illumen.lu\/wp-content\/uploads\/2016\/11\/2.png 960w\" sizes=\"(max-width: 300px) 100vw, 300px\" \/><\/p>\n<p>&nbsp;<\/p>\n<p><img loading=\"lazy\" class=\"size-medium wp-image-62 aligncenter\" src=\"http:\/\/illumen.lu\/wp-content\/uploads\/2016\/12\/13419234_1640081912980904_4362528558156893838_n-300x103.jpg\" alt=\"13419234_1640081912980904_4362528558156893838_n\" width=\"300\" height=\"103\" srcset=\"http:\/\/illumen.lu\/wp-content\/uploads\/2016\/12\/13419234_1640081912980904_4362528558156893838_n-300x103.jpg 300w, http:\/\/illumen.lu\/wp-content\/uploads\/2016\/12\/13419234_1640081912980904_4362528558156893838_n-768x263.jpg 768w, http:\/\/illumen.lu\/wp-content\/uploads\/2016\/12\/13419234_1640081912980904_4362528558156893838_n-750x256.jpg 750w, http:\/\/illumen.lu\/wp-content\/uploads\/2016\/12\/13419234_1640081912980904_4362528558156893838_n-400x137.jpg 400w, http:\/\/illumen.lu\/wp-content\/uploads\/2016\/12\/13419234_1640081912980904_4362528558156893838_n-430x147.jpg 430w, http:\/\/illumen.lu\/wp-content\/uploads\/2016\/12\/13419234_1640081912980904_4362528558156893838_n-150x51.jpg 150w, http:\/\/illumen.lu\/wp-content\/uploads\/2016\/12\/13419234_1640081912980904_4362528558156893838_n-100x34.jpg 100w, http:\/\/illumen.lu\/wp-content\/uploads\/2016\/12\/13419234_1640081912980904_4362528558156893838_n.jpg 939w\" sizes=\"(max-width: 300px) 100vw, 300px\" \/><\/p>\n<p><img loading=\"lazy\" class=\"size-medium wp-image-278 aligncenter\" src=\"http:\/\/illumen.lu\/wp-content\/uploads\/2016\/11\/BATEAU-225x300.jpg\" alt=\"\" width=\"225\" height=\"300\" srcset=\"http:\/\/illumen.lu\/wp-content\/uploads\/2016\/11\/BATEAU-225x300.jpg 225w, http:\/\/illumen.lu\/wp-content\/uploads\/2016\/11\/BATEAU-400x533.jpg 400w, http:\/\/illumen.lu\/wp-content\/uploads\/2016\/11\/BATEAU-430x573.jpg 430w, http:\/\/illumen.lu\/wp-content\/uploads\/2016\/11\/BATEAU-150x200.jpg 150w, http:\/\/illumen.lu\/wp-content\/uploads\/2016\/11\/BATEAU-100x133.jpg 100w, http:\/\/illumen.lu\/wp-content\/uploads\/2016\/11\/BATEAU.jpg 720w\" sizes=\"(max-width: 225px) 100vw, 225px\" \/><\/p>\n<p>&nbsp;<\/p>\n<p style=\"text-align: center;\">\u00a0<a href=\"http:\/\/illumen.lu\/index.php\/lumiere\/\"><img loading=\"lazy\" class=\"alignnone wp-image-83\" src=\"http:\/\/illumen.lu\/wp-content\/uploads\/2016\/12\/Image4-298x300.jpg\" alt=\"image4\" width=\"55\" height=\"55\" srcset=\"http:\/\/illumen.lu\/wp-content\/uploads\/2016\/12\/Image4-298x300.jpg 298w, http:\/\/illumen.lu\/wp-content\/uploads\/2016\/12\/Image4-150x151.jpg 150w, http:\/\/illumen.lu\/wp-content\/uploads\/2016\/12\/Image4-400x403.jpg 400w, http:\/\/illumen.lu\/wp-content\/uploads\/2016\/12\/Image4-430x433.jpg 430w, http:\/\/illumen.lu\/wp-content\/uploads\/2016\/12\/Image4-100x101.jpg 100w, http:\/\/illumen.lu\/wp-content\/uploads\/2016\/12\/Image4.jpg 710w\" sizes=\"(max-width: 55px) 100vw, 55px\" \/><\/a>\u00a0<a href=\"http:\/\/illumen.lu\/index.php\/son\/\"><img loading=\"lazy\" class=\"alignnone wp-image-82\" src=\"http:\/\/illumen.lu\/wp-content\/uploads\/2016\/12\/Image3-300x300.jpg\" alt=\"image3\" width=\"55\" height=\"55\" srcset=\"http:\/\/illumen.lu\/wp-content\/uploads\/2016\/12\/Image3-300x300.jpg 300w, http:\/\/illumen.lu\/wp-content\/uploads\/2016\/12\/Image3-150x150.jpg 150w, http:\/\/illumen.lu\/wp-content\/uploads\/2016\/12\/Image3-400x399.jpg 400w, http:\/\/illumen.lu\/wp-content\/uploads\/2016\/12\/Image3-430x429.jpg 430w, http:\/\/illumen.lu\/wp-content\/uploads\/2016\/12\/Image3-100x100.jpg 100w, http:\/\/illumen.lu\/wp-content\/uploads\/2016\/12\/Image3.jpg 706w\" sizes=\"(max-width: 55px) 100vw, 55px\" \/><\/a>\u00a0<a href=\"http:\/\/illumen.lu\/index.php\/sfx\/\"><img loading=\"lazy\" class=\"alignnone wp-image-85\" src=\"http:\/\/illumen.lu\/wp-content\/uploads\/2016\/12\/Image6-297x300.jpg\" alt=\"image6\" width=\"54\" height=\"55\" srcset=\"http:\/\/illumen.lu\/wp-content\/uploads\/2016\/12\/Image6-297x300.jpg 297w, http:\/\/illumen.lu\/wp-content\/uploads\/2016\/12\/Image6-150x151.jpg 150w, http:\/\/illumen.lu\/wp-content\/uploads\/2016\/12\/Image6-400x404.jpg 400w, http:\/\/illumen.lu\/wp-content\/uploads\/2016\/12\/Image6-430x434.jpg 430w, http:\/\/illumen.lu\/wp-content\/uploads\/2016\/12\/Image6-100x101.jpg 100w, http:\/\/illumen.lu\/wp-content\/uploads\/2016\/12\/Image6.jpg 715w\" sizes=\"(max-width: 54px) 100vw, 54px\" \/><\/a><\/p>\n<p style=\"text-align: center;\">\u00a0\u00a0<a href=\"http:\/\/illumen.lu\/index.php\/stage\/\"><img loading=\"lazy\" class=\"alignnone wp-image-81\" src=\"http:\/\/illumen.lu\/wp-content\/uploads\/2016\/12\/Image2-300x300.jpg\" alt=\"image2\" width=\"55\" height=\"55\" srcset=\"http:\/\/illumen.lu\/wp-content\/uploads\/2016\/12\/Image2-300x300.jpg 300w, http:\/\/illumen.lu\/wp-content\/uploads\/2016\/12\/Image2-150x150.jpg 150w, http:\/\/illumen.lu\/wp-content\/uploads\/2016\/12\/Image2-400x401.jpg 400w, http:\/\/illumen.lu\/wp-content\/uploads\/2016\/12\/Image2-430x431.jpg 430w, http:\/\/illumen.lu\/wp-content\/uploads\/2016\/12\/Image2-100x100.jpg 100w, http:\/\/illumen.lu\/wp-content\/uploads\/2016\/12\/Image2.jpg 712w\" sizes=\"(max-width: 55px) 100vw, 55px\" \/><\/a> <a href=\"http:\/\/illumen.lu\/index.php\/exhibition\/\"><img loading=\"lazy\" class=\"alignnone wp-image-84\" src=\"http:\/\/illumen.lu\/wp-content\/uploads\/2016\/12\/Image5-298x300.jpg\" alt=\"image5\" width=\"55\" height=\"55\" srcset=\"http:\/\/illumen.lu\/wp-content\/uploads\/2016\/12\/Image5-298x300.jpg 298w, http:\/\/illumen.lu\/wp-content\/uploads\/2016\/12\/Image5-150x151.jpg 150w, http:\/\/illumen.lu\/wp-content\/uploads\/2016\/12\/Image5-400x403.jpg 400w, http:\/\/illumen.lu\/wp-content\/uploads\/2016\/12\/Image5-430x433.jpg 430w, http:\/\/illumen.lu\/wp-content\/uploads\/2016\/12\/Image5-100x101.jpg 100w, http:\/\/illumen.lu\/wp-content\/uploads\/2016\/12\/Image5.jpg 704w\" sizes=\"(max-width: 55px) 100vw, 55px\" \/><\/a>\u00a0<img loading=\"lazy\" class=\"alignnone wp-image-80\" src=\"http:\/\/illumen.lu\/wp-content\/uploads\/2016\/12\/Image1-300x300.jpg\" alt=\"image1\" width=\"55\" height=\"55\" srcset=\"http:\/\/illumen.lu\/wp-content\/uploads\/2016\/12\/Image1-300x300.jpg 300w, http:\/\/illumen.lu\/wp-content\/uploads\/2016\/12\/Image1-150x150.jpg 150w, http:\/\/illumen.lu\/wp-content\/uploads\/2016\/12\/Image1-400x400.jpg 400w, http:\/\/illumen.lu\/wp-content\/uploads\/2016\/12\/Image1-430x430.jpg 430w, http:\/\/illumen.lu\/wp-content\/uploads\/2016\/12\/Image1-100x100.jpg 100w, http:\/\/illumen.lu\/wp-content\/uploads\/2016\/12\/Image1.jpg 699w\" sizes=\"(max-width: 55px) 100vw, 55px\" \/> <img loading=\"lazy\" class=\"alignnone wp-image-86\" src=\"http:\/\/illumen.lu\/wp-content\/uploads\/2016\/12\/Image7-300x251.jpg\" alt=\"image7\" width=\"66\" height=\"55\" srcset=\"http:\/\/illumen.lu\/wp-content\/uploads\/2016\/12\/Image7-300x251.jpg 300w, http:\/\/illumen.lu\/wp-content\/uploads\/2016\/12\/Image7-768x642.jpg 768w, http:\/\/illumen.lu\/wp-content\/uploads\/2016\/12\/Image7-750x627.jpg 750w, http:\/\/illumen.lu\/wp-content\/uploads\/2016\/12\/Image7-400x334.jpg 400w, http:\/\/illumen.lu\/wp-content\/uploads\/2016\/12\/Image7-430x359.jpg 430w, http:\/\/illumen.lu\/wp-content\/uploads\/2016\/12\/Image7-150x125.jpg 150w, http:\/\/illumen.lu\/wp-content\/uploads\/2016\/12\/Image7-100x84.jpg 100w, http:\/\/illumen.lu\/wp-content\/uploads\/2016\/12\/Image7.jpg 852w\" sizes=\"(max-width: 66px) 100vw, 66px\" \/><\/p>\n","protected":false},"excerpt":{"rendered":"<p>Illumen Luxembourg SARL est une soci\u00e9t\u00e9 sp\u00e9cialis\u00e9e dans la vente, la location et l&rsquo;installation de mat\u00e9riel audiovisuel \u00e0 des fins \u00e9v\u00e8nementielles. Elle a \u00e9t\u00e9 cr\u00e9\u00e9e \u00e0 l&rsquo;initiative d&rsquo;Arnaud BRIANTAIS, technicien [&hellip;]<\/p>\n","protected":false},"author":1,"featured_media":0,"parent":0,"menu_order":0,"comment_status":"closed","ping_status":"closed","template":"","meta":[],"_links":{"self":[{"href":"http:\/\/illumen.lu\/index.php\/wp-json\/wp\/v2\/pages\/49"}],"collection":[{"href":"http:\/\/illumen.lu\/index.php\/wp-json\/wp\/v2\/pages"}],"about":[{"href":"http:\/\/illumen.lu\/index.php\/wp-json\/wp\/v2\/types\/page"}],"author":[{"embeddable":true,"href":"http:\/\/illumen.lu\/index.php\/wp-json\/wp\/v2\/users\/1"}],"replies":[{"embeddable":true,"href":"http:\/\/illumen.lu\/index.php\/wp-json\/wp\/v2\/comments?post=49"}],"version-history":[{"count":10,"href":"http:\/\/illumen.lu\/index.php\/wp-json\/wp\/v2\/pages\/49\/revisions"}],"predecessor-version":[{"id":280,"href":"http:\/\/illumen.lu\/index.php\/wp-json\/wp\/v2\/pages\/49\/revisions\/280"}],"wp:attachment":[{"href":"http:\/\/illumen.lu\/index.php\/wp-json\/wp\/v2\/media?parent=49"}],"curies":[{"name":"wp","href":"https:\/\/api.w.org\/{rel}","templated":true}]}}

<p>Illumen Luxembourg SARL est une société spécialisée dans la vente, la location et l&rsquo;installation de matériel audiovisuel <a href="http://illumen.lu/index.php/location-pour-vos-evnenements/">à des fins évènementielles</a>. Elle a été créée à l&rsquo;initiative d&rsquo;Arnaud BRIANTAIS, technicien en son et lumière depuis plus de 10 ans.</p>
<p>Basée au Luxembourg, nous travaillons également avec la Belgique et la France.</p>
<p><img loading="lazy" class="size-medium wp-image-64 aligncenter" src="http://illumen.lu/wp-content/uploads/2016/12/11951218_10153349246737261_9043281316392108714_n-300x181.jpg" alt="11951218_10153349246737261_9043281316392108714_n" width="300" height="181" srcset="http://illumen.lu/wp-content/uploads/2016/12/11951218_10153349246737261_9043281316392108714_n-300x181.jpg 300w, http://illumen.lu/wp-content/uploads/2016/12/11951218_10153349246737261_9043281316392108714_n-768x464.jpg 768w, http://illumen.lu/wp-content/uploads/2016/12/11951218_10153349246737261_9043281316392108714_n-750x453.jpg 750w, http://illumen.lu/wp-content/uploads/2016/12/11951218_10153349246737261_9043281316392108714_n-400x242.jpg 400w, http://illumen.lu/wp-content/uploads/2016/12/11951218_10153349246737261_9043281316392108714_n-430x260.jpg 430w, http://illumen.lu/wp-content/uploads/2016/12/11951218_10153349246737261_9043281316392108714_n-150x91.jpg 150w, http://illumen.lu/wp-content/uploads/2016/12/11951218_10153349246737261_9043281316392108714_n-100x60.jpg 100w, http://illumen.lu/wp-content/uploads/2016/12/11951218_10153349246737261_9043281316392108714_n.jpg 960w" sizes="(max-width: 300px) 100vw, 300px" /></p>
<p><img loading="lazy" class="size-medium wp-image-13 aligncenter" src="http://illumen.lu/wp-content/uploads/2016/11/2-300x200.png" alt="2" width="300" height="200" srcset="http://illumen.lu/wp-content/uploads/2016/11/2-300x200.png 300w, http://illumen.lu/wp-content/uploads/2016/11/2-768x512.png 768w, http://illumen.lu/wp-content/uploads/2016/11/2.png 960w" sizes="(max-width: 300px) 100vw, 300px" /></p>
<p>&nbsp;</p>
<p><img loading="lazy" class="size-medium wp-image-62 aligncenter" src="http://illumen.lu/wp-content/uploads/2016/12/13419234_1640081912980904_4362528558156893838_n-300x103.jpg" alt="13419234_1640081912980904_4362528558156893838_n" width="300" height="103" srcset="http://illumen.lu/wp-content/uploads/2016/12/13419234_1640081912980904_4362528558156893838_n-300x103.jpg 300w, http://illumen.lu/wp-content/uploads/2016/12/13419234_1640081912980904_4362528558156893838_n-768x263.jpg 768w, http://illumen.lu/wp-content/uploads/2016/12/13419234_1640081912980904_4362528558156893838_n-750x256.jpg 750w, http://illumen.lu/wp-content/uploads/2016/12/13419234_1640081912980904_4362528558156893838_n-400x137.jpg 400w, http://illumen.lu/wp-content/uploads/2016/12/13419234_1640081912980904_4362528558156893838_n-430x147.jpg 430w, http://illumen.lu/wp-content/uploads/2016/12/13419234_1640081912980904_4362528558156893838_n-150x51.jpg 150w, http://illumen.lu/wp-content/uploads/2016/12/13419234_1640081912980904_4362528558156893838_n-100x34.jpg 100w, http://illumen.lu/wp-content/uploads/2016/12/13419234_1640081912980904_4362528558156893838_n.jpg 939w" sizes="(max-width: 300px) 100vw, 300px" /></p>
<p><img loading="lazy" class="size-medium wp-image-278 aligncenter" src="http://illumen.lu/wp-content/uploads/2016/11/BATEAU-225x300.jpg" alt="" width="225" height="300" srcset="http://illumen.lu/wp-content/uploads/2016/11/BATEAU-225x300.jpg 225w, http://illumen.lu/wp-content/uploads/2016/11/BATEAU-400x533.jpg 400w, http://illumen.lu/wp-content/uploads/2016/11/BATEAU-430x573.jpg 430w, http://illumen.lu/wp-content/uploads/2016/11/BATEAU-150x200.jpg 150w, http://illumen.lu/wp-content/uploads/2016/11/BATEAU-100x133.jpg 100w, http://illumen.lu/wp-content/uploads/2016/11/BATEAU.jpg 720w" sizes="(max-width: 225px) 100vw, 225px" /></p>
<p>&nbsp;</p>
<p style="text-align: center;"> <a href="http://illumen.lu/index.php/lumiere/"><img loading="lazy" class="alignnone wp-image-83" src="http://illumen.lu/wp-content/uploads/2016/12/Image4-298x300.jpg" alt="image4" width="55" height="55" srcset="http://illumen.lu/wp-content/uploads/2016/12/Image4-298x300.jpg 298w, http://illumen.lu/wp-content/uploads/2016/12/Image4-150x151.jpg 150w, http://illumen.lu/wp-content/uploads/2016/12/Image4-400x403.jpg 400w, http://illumen.lu/wp-content/uploads/2016/12/Image4-430x433.jpg 430w, http://illumen.lu/wp-content/uploads/2016/12/Image4-100x101.jpg 100w, http://illumen.lu/wp-content/uploads/2016/12/Image4.jpg 710w" sizes="(max-width: 55px) 100vw, 55px" /></a> <a href="http://illumen.lu/index.php/son/"><img loading="lazy" class="alignnone wp-image-82" src="http://illumen.lu/wp-content/uploads/2016/12/Image3-300x300.jpg" alt="image3" width="55" height="55" srcset="http://illumen.lu/wp-content/uploads/2016/12/Image3-300x300.jpg 300w, http://illumen.lu/wp-content/uploads/2016/12/Image3-150x150.jpg 150w, http://illumen.lu/wp-content/uploads/2016/12/Image3-400x399.jpg 400w, http://illumen.lu/wp-content/uploads/2016/12/Image3-430x429.jpg 430w, http://illumen.lu/wp-content/uploads/2016/12/Image3-100x100.jpg 100w, http://illumen.lu/wp-content/uploads/2016/12/Image3.jpg 706w" sizes="(max-width: 55px) 100vw, 55px" /></a> <a href="http://illumen.lu/index.php/sfx/"><img loading="lazy" class="alignnone wp-image-85" src="http://illumen.lu/wp-content/uploads/2016/12/Image6-297x300.jpg" alt="image6" width="54" height="55" srcset="http://illumen.lu/wp-content/uploads/2016/12/Image6-297x300.jpg 297w, http://illumen.lu/wp-content/uploads/2016/12/Image6-150x151.jpg 150w, http://illumen.lu/wp-content/uploads/2016/12/Image6-400x404.jpg 400w, http://illumen.lu/wp-content/uploads/2016/12/Image6-430x434.jpg 430w, http://illumen.lu/wp-content/uploads/2016/12/Image6-100x101.jpg 100w, http://illumen.lu/wp-content/uploads/2016/12/Image6.jpg 715w" sizes="(max-width: 54px) 100vw, 54px" /></a></p>
<p style="text-align: center;">  <a href="http://illumen.lu/index.php/stage/"><img loading="lazy" class="alignnone wp-image-81" src="http://illumen.lu/wp-content/uploads/2016/12/Image2-300x300.jpg" alt="image2" width="55" height="55" srcset="http://illumen.lu/wp-content/uploads/2016/12/Image2-300x300.jpg 300w, http://illumen.lu/wp-content/uploads/2016/12/Image2-150x150.jpg 150w, http://illumen.lu/wp-content/uploads/2016/12/Image2-400x401.jpg 400w, http://illumen.lu/wp-content/uploads/2016/12/Image2-430x431.jpg 430w, http://illumen.lu/wp-content/uploads/2016/12/Image2-100x100.jpg 100w, http://illumen.lu/wp-content/uploads/2016/12/Image2.jpg 712w" sizes="(max-width: 55px) 100vw, 55px" /></a> <a href="http://illumen.lu/index.php/exhibition/"><img loading="lazy" class="alignnone wp-image-84" src="http://illumen.lu/wp-content/uploads/2016/12/Image5-298x300.jpg" alt="image5" width="55" height="55" srcset="http://illumen.lu/wp-content/uploads/2016/12/Image5-298x300.jpg 298w, http://illumen.lu/wp-content/uploads/2016/12/Image5-150x151.jpg 150w, http://illumen.lu/wp-content/uploads/2016/12/Image5-400x403.jpg 400w, http://illumen.lu/wp-content/uploads/2016/12/Image5-430x433.jpg 430w, http://illumen.lu/wp-content/uploads/2016/12/Image5-100x101.jpg 100w, http://illumen.lu/wp-content/uploads/2016/12/Image5.jpg 704w" sizes="(max-width: 55px) 100vw, 55px" /></a> <img loading="lazy" class="alignnone wp-image-80" src="http://illumen.lu/wp-content/uploads/2016/12/Image1-300x300.jpg" alt="image1" width="55" height="55" srcset="http://illumen.lu/wp-content/uploads/2016/12/Image1-300x300.jpg 300w, http://illumen.lu/wp-content/uploads/2016/12/Image1-150x150.jpg 150w, http://illumen.lu/wp-content/uploads/2016/12/Image1-400x400.jpg 400w, http://illumen.lu/wp-content/uploads/2016/12/Image1-430x430.jpg 430w, http://illumen.lu/wp-content/uploads/2016/12/Image1-100x100.jpg 100w, http://illumen.lu/wp-content/uploads/2016/12/Image1.jpg 699w" sizes="(max-width: 55px) 100vw, 55px" /> <img loading="lazy" class="alignnone wp-image-86" src="http://illumen.lu/wp-content/uploads/2016/12/Image7-300x251.jpg" alt="image7" width="66" height="55" srcset="http://illumen.lu/wp-content/uploads/2016/12/Image7-300x251.jpg 300w, http://illumen.lu/wp-content/uploads/2016/12/Image7-768x642.jpg 768w, http://illumen.lu/wp-content/uploads/2016/12/Image7-750x627.jpg 750w, http://illumen.lu/wp-content/uploads/2016/12/Image7-400x334.jpg 400w, http://illumen.lu/wp-content/uploads/2016/12/Image7-430x359.jpg 430w, http://illumen.lu/wp-content/uploads/2016/12/Image7-150x125.jpg 150w, http://illumen.lu/wp-content/uploads/2016/12/Image7-100x84.jpg 100w, http://illumen.lu/wp-content/uploads/2016/12/Image7.jpg 852w" sizes="(max-width: 66px) 100vw, 66px" /></p>

<p>Illumen Luxembourg SARL est une société spécialisée dans la vente, la location et l&rsquo;installation de matériel audiovisuel à des fins évènementielles. Elle a été créée à l&rsquo;initiative d&rsquo;Arnaud BRIANTAIS, technicien [&hellip;]</p>
